. List the prime factors of g.
11
Let s = -697 - -1281. List the prime factors of s.
2, 73
Let j = 6682 + -4503. List the prime factors of j.
2179
Let o(b) = 9*b - 24. Let d be o(17). Suppose 11*n = 10*n + d. What are the prime factors of n?
3, 43
Suppose -h = 2*h + 4*j + 16, 0 = 4*h - 3*j - 12. Suppose 3*n = -h*n + 135. What are the prime factors of n?
3, 5
Let c = 356 + -156. Let w = c + -117. List the prime factors of w.
83
Let s = -18 - -11. Let c = s - -28. What are the prime factors of c?
3, 7
Suppose 3*u - 1 = -b - 3, 3*b - 6 = 3*u. List the prime factors of (-1 + u)*1173/(-46).
3, 17
Let u = -3553 + 9457. List the prime factors of u.
2, 3, 41
Let s = -565 + 5169. What are the prime factors of s?
2, 1151
Suppose 7*t = -2*t + 3744. What are the prime factors of t?
2, 13
What are the prime factors of 2698/10 + 17/85?
2, 3, 5
Suppose t + 2*t = -39. Let o = t - -20. Suppose -o*f + 3*f = -164. What are the prime factors of f?
41
Let y(d) = -4*d**2 + 53 + d**2 + 17 + 4*d**2. Let i be y(0). Let b = -44 + i. List the prime factors of b.
2, 13
Let h = 18 - 108. Let f = h + 191. What are the prime factors of f?
101
Suppose 3*s - 2*s + 21 = 5*p, 5*p - 15 = 0. Let d be 10/(-4) + s/4. List the prime factors of 130/15*(-6)/d.
13
Let n be 14/49 - (-19)/7. Suppose -4*w = 4*x - 68, -n*w = -x + 5*x - 69. List the prime factors of x.
2, 3
Let m(i) = -679*i**3 - 5*i**2 - 4*i. List the prime factors of m(-1).
2, 3, 113
Let u = -141 - -493. Suppose 4*r - 84 = -3*y + 263, 4*y - u = -4*r. What are the prime factors of r?
83
Let f(n) = -4*n**3 - 22*n**2 + 33*n + 101. What are the prime factors of f(-13)?
2, 2371
Let g = 50 - -21. Let s = g + -14. What are the prime factors of s?
3, 19
Let a(v) = 11*v**2 - 2*v - 4. Let h(q) = q**2 + 6*q - 11. Let g be h(-7). Let u be ((-32)/(-24))/(g/6). List the prime factors of a(u).
2, 11
Let o = -82 - -88. Let u(g) = 7*g - 8. List the prime factors of u(o).
2, 17
What are the prime factors of (8 - 16)*-86 - 5/1?
683
Suppose 2*b - 39 = 2*s + 87, -s + 63 = b. List the prime factors of b.
3, 7
Let a be ((-4 - (-10 + 7))*-9)/(-1). Suppose 27 = 2*w - o, -3*w + 32 = -2*o - 9. Let r = w + a. List the prime factors of r.
2
Suppose -59 = 5*i + 81. Let k = -48 - i. List the prime factors of (106/8)/((-5)/k).
53
Let i be 57/12 - (-5)/20. Let b = i + -4. List the prime factors of 0 + b + 16/8.
3
Suppose -2673 = -12*b + 507. List the prime factors of b.
5, 53
Let j(u) = -u**3 - 6*u**2 - 13*u - 1. List the prime factors of j(-9).
359
Suppose 0 = -710*g + 716*g - 5382. What are the prime factors of g?
3, 13, 23
Let s(l) = l + 7. Let m be s(-7). Suppose -3*k + 5*i = -232 - 283, -5*k - 3*i + 813 = m. What are the prime factors of k?
3, 5, 11
Suppose -2*k + 23 + 34 = 5*g, -3*g = -2*k + 33. Suppose x - 2*s = -1, -3*s + 5*s = -4*x + 36. What are the prime factors of 2/x + 1590/k?
2, 19
Let l = 2270 - 1013. List the prime factors of l.
3, 419
Suppose n - 3*n + 12 = 0. Let u(q) = -2*q + 5. Let p be u(n). List the prime factors of 25/4 - p/(-28).
2, 3
Let f be (-1)/(-8) + 1378/(-16). Let x = -69 - f. List the prime factors of x.
17
Suppose -10356 = -16*q + 1788. What are the prime factors of q?
3, 11, 23
Suppose 153*v = 161*v - 18872. What are the prime factors of v?
7, 337
Suppose 80 = -4*y - y. Let v = y + 41. Let f = v + -19. What are the prime factors of f?
2, 3
Let u(m) = -2*m**2 - 2*m**2 + 3 + 0*m**2 - 7*m + 6*m**2. List the prime factors of u(6).
3, 11
Let h(t) = t**2 + 5*t - 2. Suppose 6*z + 2*q = 2*z + 16, 0 = 2*z + 4*q - 14. Suppose z - 11 = d. List the prime factors of h(d).
2, 11
Suppose -3*a + 3*z = -363, 0 = -a + 4*z - z + 111. Suppose p - a = 3*p. Let r = p - -125. What are the prime factors of r?
2, 31
Suppose -6*s + 5*h = -2*s - 344, -5*h = 4*s - 344. Suppose -d + 3*d = s. What are the prime factors of d?
43
Let w = -1205 + 1228. List the prime factors of w.
23
Suppose 4*n = -0*n, 4*s + 2*n + 20 = 0. Let c(q) = -12*q - 3. What are the prime factors of c(s)?
3, 19
Let f(h) be the third derivative of 13*h**5/60 + h**4/12 + 5*h**3/6 + 26*h**2. What are the prime factors of f(-3)?
2, 29
Suppose -4*r - 3*v + 147 = 0, 3*r - v = v + 106. List the prime factors of r.
2, 3
Suppose -25 = -2*k + a, -5*k + 22 = -a - 33. Let t be (2/(-10)*2)/(2/10). What are the prime factors of 444/k - t/(-5)?
2, 11
Suppose 0*q = -3*q + 12. Let s be 10/q + 15/10. Suppose 2*p - 5*z = -4, 5*p = s*z + 11 + 13. What are the prime factors of p?
2
Let q = 12 + -48. Let l = 1136 + -1922. List the prime factors of l/q + 2/12.
2, 11
Let m = -47 + 50. Suppose 5*q = m*s - 5*s + 143, 0 = -s - 3*q + 71. What are the prime factors of s?
2, 37
Let q(c) = 13*c - 2. Let w be (-8)/52 - (-82)/26. Suppose 12 = w*a - 4*n + n, 0 = 4*a + 4*n. List the prime factors of q(a).
2, 3
Suppose 25*i + 1060 = 27*i. What are the prime factors of i?
2, 5, 53
Let b = 21 + -19. Suppose g + z - b = 0, -5*z + 4 = 6*g - 4*g. List the prime factors of g/(-4) + (-150)/(-4).
37
Let s(o) = 20*o - 2. Suppose -b = b - 4. What are the prime factors of s(b)?
2, 19
Let r = 440 + -43. What are the prime factors of r?
397
Let m(r) = r**3 + 22*r**2 + 16*r + 28. Let n = 21 + -42. List the prime factors of m(n).
7, 19
Suppose 0 = 6*u - 0*u + 6. Let x(c) = -14*c + 2. List the prime factors of x(u).
2
Let r(j) = j - 4. Let g be 3/7 - (-390)/70. Let i be r(g). Suppose -29 - 73 = -i*w. List the prime factors of w.
3, 17
List the prime factors of (69 + -78)/(2/(-648)).
2, 3
Let b(h) = 30*h**2 - 2*h - 2. Let y be b(-2). What are the prime factors of (0 + 1 + y)*(-6)/(-18)?
41
Let o be 3/(-15) - (-804)/20. What are the prime factors of 2165/o - (-1)/(-8)?
2, 3
Suppose 9*a + 2104 = 13*a + 2*h, -5*h = 20. List the prime factors of a.
2, 3, 11
Let x(g) = g**2 + 4*g - 3. Let j be x(-6). Suppose t - j = 6. Let k = -10 + t. List the prime factors of k.
5
Suppose -4*j = 7 - 31. Let d(k) = -k - 20. Let b(g) = -2*g - 21. Let t(h) = 3*b(h) - 4*d(h). List the prime factors of t(j).
5
Let x = -276 + 323. What are the prime factors of x?
47
Let o = 84 + 720. What are the prime factors of o?
2, 3, 67
Suppose -6 = -3*q, -5*q - 3869 + 873 = -2*z. List the prime factors of z.
3, 167
Let d(n) = n**2 - 2*n + 4. Let g = 15 + -15. Let o be d(g). Suppose -11 - 9 = -o*j. List the prime factors of j.
5
Let b be -4 - 3/(-6)*0. Let i(p) = p**3 + 6*p**2 - 2*p - 7. List the prime factors of i(b).
3, 11
Let j(a) = a**2 - 3*a - 8. Let i be (-3)/15 + 72/10. Let q be j(i). Suppose 10*y - 5*y - q = 0. What are the prime factors of y?
2
Let t = 6053 - 3006. List the prime factors of t.
11, 277
Suppose 2*u - 34 = -3*u - 2*a, -2*u - 5*a + 22 = 0. Let f(b) be the second derivative of 5*b**3/6 - 7*b**2/2 + 10*b. What are the prime factors of f(u)?
23
Suppose 25 = -4*c + q - 6*q, 2*c + 4*q = -20. List the prime factors of (c - -1)*189/(-1 - -4).
3, 7
Let j = -2 - -6. Suppose j*o = -2 + 274. Suppose -4*g + 0*g = -o. List the prime factors of g.
17
Suppose -2*o - o = 63. Let c be 308/o*(-3)/2. Let k = -15 + c. List the prime factors of k.
7
Let x(p) = 3*p**2 - 4*p - 25. Let i be x(7). Suppose u - 31 = i. What are the prime factors of u?
5
Suppose 0 = 2*l - 5*u - 157, -l = -0*l - 3*u - 80. Let i = 140 - l. What are the prime factors of i?
3, 23
Let i(u) = u**3 - 9*u**2 + 8*u + 11. Let g be i(8). Let t(d) be the first derivative of d**2/2 - 4*d - 7. List the prime factors of t(g).
7
Let n(b) = -b**2 + 43*b + 482. List the prime factors of n(34).
2, 197
Suppose -4*i + h = -i - 1450, -4*i = 4*h - 1912. List the prime factors of i.
2, 241
Let u = 361 - 11. Suppose -15*p - u = -16*p. What are the prime factors of p?
2, 5, 7
Suppose -g - 4 = 0, -4*v - 3*g + 31 = -1969. List the prime factors of v.
503
Suppose -3*w + 50 = 11. Let j be (-111)/4 + w/(-52). Let f = j - -50. List the prime factors of f.
2, 11
Suppose -2*g = -5*k - 370, -246 - 144 = -2*g - 5*k. What are the prime factors of g?
2, 5, 19
List the prime factors of 979*(-6)/(-12) - 1/(-2).
2, 5, 7
Let m be (-47 + 0)*(-4 - (-5 + 2)). Suppose -2*u = -v - 15 + m, -u - 52 = -2*v. List the prime factors of v.
2, 3
Let t be (-40)/(-6) + 1/(1 + 2). Suppose t*n = n + 270. List the prime factors of n.
3, 5
Suppose -2*j + 3484 = 4*v, -j + 978 + 782 = -4*v. List the prime factors of j.
2, 19, 23
Suppose -2635 = -4